48704 = 0. List the prime factors of a.
2, 3, 41
Let m = 2461 - -9863. List the prime factors of m.
2, 3, 13, 79
Let w = -82 - -92. Let p(o) = 14*o**2 - 3*o + 15. List the prime factors of p(w).
5, 277
Let p(u) = -5*u**2 + 4*u - 34. Let w(n) = 6*n**2 - 5*n + 34. Let z(s) = 5*p(s) + 6*w(s). What are the prime factors of z(4)?
2, 5, 17
Let d = 4693 + 25169. What are the prime factors of d?
2, 3, 7, 79
Let q be 245/13 - 2/(-13). List the prime factors of ((-48)/(-48))/(1/q).
19
Suppose 4*b + 94 = 14. Let h = 1270 + -1280. What are the prime factors of 4/b - (-2 + 1692/h)?
3, 19
Let n = -48 + -80. Let q = 888 + n. What are the prime factors of q?
2, 5, 19
Let r be (31 + -1)*(-8)/16. Let p = r - -20. Suppose p*i - 102 = -i. List the prime factors of i.
17
Let y(n) = 2*n**2 + 19*n + 8. Let o(h) = h + 12. Let w be o(-8). Suppose 3*v = 2*k - 7*k - 80, -2*v + 64 = -w*k. List the prime factors of y(k).
2, 3
Let a be (-2)/3*(-36)/(-24). List the prime factors of a/6 - (14781/(-18))/1.
821
Let f be 450/16 - 10/80. Let b = 102 + f. What are the prime factors of b?
2, 5, 13
Suppose 0 = 4*s + 3*p - 8, 0 = -2*s + 7*p - 3*p + 4. Suppose -2*m + 14 = -4*r, r - 3 = 5*m - 2. List the prime factors of (-86*s)/r*1.
43
Let b = 6 + 1. Let y be (6 + 15)*(-180)/(-14). Suppose b*n = 1208 - y. List the prime factors of n.
2, 67
Suppose -2*x + 283 = -3*f + 62, 3*f = 5*x - 548. What are the prime factors of x?
109
Let u(w) = 21*w + 133. Let a be u(-6). Suppose -4*c = b - 872, -3*b - 3*c + 2552 = -a*c. What are the prime factors of b?
2, 107
Let k(f) = 12*f - 37. Let x be k(5). Suppose x*q + 3915 = 38*q. What are the prime factors of q?
3, 29
Let q(h) be the second derivative of -55*h**3/3 + 8*h**2 - 13*h. What are the prime factors of q(-4)?
2, 3, 19
Let j be (-2792)/((-2)/(-5)*-5). Suppose 0 = 6*n - 974 - j. What are the prime factors of n?
5, 79
Suppose 4*t - 17642 = 77*h - 76*h, 2*t - 8824 = -h. What are the prime factors of t?
11, 401
Let i(g) = -g**3 - 9*g**2 + 14*g - 3. Let z = 216 + -227. List the prime factors of i(z).
5, 17
Let n(v) = 5*v**2 - 52*v - 179. List the prime factors of n(43).
2, 5, 683
Suppose -3*d + 3*a = 4*a - 7740, 3*a - 7746 = -3*d. Let w = -1108 + d. What are the prime factors of w?
1471
Suppose -10*g + 45246 = 4*x - 5*g, -3*g + 56551 = 5*x. List the prime factors of x.
43, 263
Let j = -334 - -60934. What are the prime factors of j?
2, 3, 5, 101
What are the prime factors of 42995 + 5/2*8*(-2)/(-5)?
43003
Let h be 404/3*195/26. Let c = h - 593. What are the prime factors of c?
3, 139
Suppose -14*y + 5*t = -13*y - 63822, -319023 = -5*y - 4*t. List the prime factors of y.
3, 21269
Let l = 485 + -591. Let d = l - -602. What are the prime factors of d?
2, 31
Let n = -33 - -36. Suppose k - 41 = u, n*k + 4*u - 3*u - 131 = 0. Let v = 29 + k. List the prime factors of v.
2, 3
Suppose -170*k + 168*k = 5*p - 148128, -4*k - 4*p = -296256. What are the prime factors of k?
2, 3, 1543
Let k = 17952 - 9218. List the prime factors of k.
2, 11, 397
Suppose -7092 = -7*g - 449. Let d be g/5 + (-2)/(-10). Suppose -l - i + 80 = i, -d = -2*l + 2*i. What are the prime factors of l?
2, 3, 5
Suppose 14*j - 84 = 7*j. Suppose -10810 = -j*v - 814. List the prime factors of v.
7, 17
Let y be (-6)/15 + (-20)/(-50). Suppose h + 3*a - 89 = -a, y = -5*h - a + 369. List the prime factors of h.
73
Let j(a) = 20*a + 65. Let r(n) = -19*n - 67. Let v(b) = -5*j(b) - 4*r(b). What are the prime factors of v(-7)?
3, 37
Let w = 13 - -1. Suppose 5*o + 40 = 5*y, -w - 12 = 4*o - y. List the prime factors of 49 - -1 - o/(-12)*8.
2, 23
Let a(o) = o**3 + o**2 - o + 1. Let m be a(2). Suppose -1892 = -m*f + 7*f. List the prime factors of f.
11, 43
Let i(q) = -q**3 - 4*q**2 + 3*q - 7. Let d be i(-5). Suppose 2*w + t = 1077, 5 = -d*t + 4*t. List the prime factors of w.
2, 67
Suppose 0 = 70*x - 426756 - 301174. List the prime factors of x.
10399
What are the prime factors of ((-12)/(-21))/(16/1848)?
2, 3, 11
Let s(c) = 8*c**2 - 10*c + 5. Let g = -79 - -87. List the prime factors of s(g).
19, 23
Let f = -72 - -75. Let n(x) = 196*x**2 - f - 1 - 4 + 8*x + 0. List the prime factors of n(1).
2, 7
Suppose s = 5*m + 14, -3*s + 12 = -s - 2*m. Suppose -11*p + 8*p - 2*q = -783, -506 = -2*p + s*q. List the prime factors of p.
7, 37
Let b(i) = -6*i - 31. Let f be b(-6). Suppose w = d + 2, -14 = -2*w + 3*w - f*d. Suppose c - w*c = -695. List the prime factors of c.
139
Let y(r) be the second derivative of -59*r**3/2 - 55*r**2/2 + 143*r. List the prime factors of y(-5).
2, 5, 83
Let o(u) = 8332*u**2 - 8*u - 10. List the prime factors of o(-1).
2, 5, 7, 17
Let x(n) = -n**3 - 5*n**2 + 29*n + 14. Let y be x(-6). Let i(l) = -41*l - 6. Let z be i(-5). Let h = y + z. What are the prime factors of h?
3, 5
Let t(j) = -2*j**3 + 8*j**2 + 9*j + 5. Let f be t(5). Suppose f = -703*c + 699*c + 364. List the prime factors of c.
7, 13
Let h = 77 - 12. Let b = -58 + h. Suppose -b*g + 508 = -374. List the prime factors of g.
2, 3, 7
Let j(f) = f + 28. Let h(u) = -u - 1. Let n(v) = 3*v + 3. Let o(w) = 5*h(w) + 2*n(w). Let c(m) = -j(m) + 6*o(m). What are the prime factors of c(7)?
13
Let s(c) = 2*c**3 + 101*c**2 - 148*c - 243. List the prime factors of s(-48).
3, 11, 557
Suppose -2*t + 1585 = -3*q, 2*t = 2*q + 6*t + 1030. Let y = 904 + q. List the prime factors of y.
379
Suppose 7 = -5*b + 3*g - g, 2*b + 3*g + 18 = 0. List the prime factors of -361*-4*b/(-12).
19
Let k = 3819 + -990. List the prime factors of k.
3, 23, 41
Let w = -74732 + 108633. What are the prime factors of w?
7, 29, 167
Let r(x) = -143*x + 11. Let p be r(-2). Suppose -m = p - 82. Let t = m - -350. List the prime factors of t.
3, 5
Suppose -477*v + 1007*v = 492*v + 1844178. What are the prime factors of v?
3, 7, 2311
Suppose -2*w - 8*y + 4957 = -3*y, -2*y = 4*w - 9906. Let b = w - 1451. List the prime factors of b.
5, 41
Let w(t) = t**2 - t + 3. Let a be w(4). Let c be 10*1*a/(-10). What are the prime factors of (1 - -20)*(-1 + (-65)/c)?
2, 5, 7
Suppose 128172 - 168616 = -9*o + 285653. What are the prime factors of o?
19, 1907
Suppose -9 = 4*x - 5. Let y(a) = -40*a + 3. Let n be y(x). Suppose -178 + n = -3*v. What are the prime factors of v?
3, 5
Suppose 20 - 20 = 4*w. Suppose 7*z - 716 - 313 = w. What are the prime factors of z?
3, 7
Let z = 328 - 107. Let f = 61 + z. List the prime factors of f.
2, 3, 47
Let m be 4/(-6) + (-3231)/(-27). Let v(k) = -2*k - 13. Let y be v(-10). Suppose 0*g - m = -y*g. List the prime factors of g.
17
Let y be ((-5)/(-3))/(16/48). Suppose 4*s - 2*s - 12 = -y*v, 4*s - 8 = -2*v. List the prime factors of 4 + -2 + s + 38.
41
Let p(g) = -213*g - 1238. List the prime factors of p(-29).
11, 449
Let m = -50 + 55. Suppose -4*o - s + 13936 = 0, -2*o = o - m*s - 10452. What are the prime factors of o/65 - 2/(-5)?
2, 3
Let l(g) = -g**2 - 9*g - 9. Let d be l(-8). Let m(q) = 28*q - 4. Let f be m(d). Let w = f - -37. List the prime factors of w.
5
Suppose -13*b - 14612 = -14638. Let m(g) be the second derivative of g**5/5 - g**4/12 + g**3/6 - 2*g**2 + g. List the prime factors of m(b).
2, 13
Let t = 40035 + -4242. List the prime factors of t.
3, 41, 97
Let p(h) = -4728*h**3 + 9*h**2 + 4*h - 3. List the prime factors of p(-1).
2, 5, 11, 43
Let p = 533 + -525. Suppose 3*s - 185 = -2*s. Let y = s - p. What are the prime factors of y?
29
What are the prime factors of ((-4)/(-8)*-4)/((-212)/3872710)?
5, 7307
Let g be (-132)/9*(9 + -2 + -1). Let s = -84 - g. Suppose s*q + 452 = 3*l, 2*q + 0*q + 772 = 5*l. List the prime factors of l.
2, 3, 13
Let z be (-58)/(-8) + 6/8. Let h(r) = -r**3 + 7*r**2 + 7*r + 14. Let b be h(z). Suppose -3*d - a = -180, -b*d + 300 = -d - 4*a. List the prime factors of d.
2, 3, 5
Let g(p) = -20*p - 140 - 6*p**3 + 270 - 138 - 11*p**2. List the prime factors of g(-4).
2, 5, 7
Suppose -3*y - 12*w + 65984 = -10*w, 65996 = 3*y - 4*w. List the prime factors of y.
2, 3, 13, 47
Let x be (140/(-84) - 5/(-3))*1. Suppose -13*k + 2223 + 2600 = x. What are the prime factors of k?
7, 53
Let a(o) = 2*o**2 + 8*o - 7. Suppose -4*k + k - 1 = 2*b, 16 = -5*b - 3*k. Let n be a(b). Suppose n*x - 435 = -2*x. What are the prime factors of x?
3, 29
Let h be 1/(-3) - (1 - 1789/3). Let u = h - 297. Let k = 437 - u. List the prime factors of k.
139
Supp